{"id":16,"date":"2019-08-13T15:27:28","date_gmt":"2019-08-13T18:27:28","guid":{"rendered":"https:\/\/servsystem.com.br\/erp\/?page_id=16"},"modified":"2025-09-23T10:34:54","modified_gmt":"2025-09-23T13:34:54","slug":"contato","status":"publish","type":"page","link":"https:\/\/servsystem.com.br\/erp\/contato\/","title":{"rendered":"Contato"},"content":{"rendered":"\n<script>\n  (function(i,s,o,g,r,a,m){i['GoogleAnalyticsObject']=r;i[r]=i[r]||function(){\n  (i[r].q=i[r].q||[]).push(arguments)},i[r].l=1*new Date();a=s.createElement(o),\n  m=s.getElementsByTagName(o)[0];a.async=1;a.src=g;m.parentNode.insertBefore(a,m)\n  })(window,document,'script','https:\/\/www.google-analytics.com\/analytics.js','ga');\n\n  ga('create', 'UA-89780925-1', 'auto');\n  ga('send', 'pageview');\n\n<\/script>\n\n\n<div class=\"wp-block-image\">\n<figure class=\"aligncenter size-full\"><img fetchpriority=\"high\" decoding=\"async\" width=\"450\" height=\"250\" src=\"https:\/\/servsystem.com.br\/erp\/wp-content\/uploads\/2025\/09\/horario.png\" alt=\"\" class=\"wp-image-1721\" srcset=\"https:\/\/servsystem.com.br\/erp\/wp-content\/uploads\/2025\/09\/horario.png 450w, https:\/\/servsystem.com.br\/erp\/wp-content\/uploads\/2025\/09\/horario-300x167.png 300w, https:\/\/servsystem.com.br\/erp\/wp-content\/uploads\/2025\/09\/horario-200x111.png 200w\" sizes=\"(max-width: 450px) 100vw, 450px\" \/><\/figure><\/div>\n\n\n<p align=\"center\">\n<iframe src=\"https:\/\/www.google.com\/maps\/embed?pb=!1m18!1m12!1m3!1d7312.056358467269!2d-46.63741960536654!3d-23.603322314152457!2m3!1f0!2f0!3f0!3m2!1i1024!2i768!4f13.1!3m3!1m2!1s0x94ce5a3765d79f23%3A0x4c88edde4869048b!2sR.%20das%20Glic%C3%ADnias%2C%2049%20-%20Mirand%C3%B3polis%2C%20S%C3%A3o%20Paulo%20-%20SP%2C%2004048-050!5e0!3m2!1spt-BR!2sbr!4v1758633807251!5m2!1spt-BR!2sbr\" width=\"800\" height=\"600\" style=\"border:0;\" allowfullscreen=\"\" loading=\"lazy\" referrerpolicy=\"no-referrer-when-downgrade\"  ><\/iframe>\n\n\n\n\n<table border=\"1\" width=\"42%\" cellspacing=\"1\" bgcolor=\"#99CCFF\">\n<tbody>\n<tr>\n\n\n                        <FORM ACTION=\"https:\/\/www.servsystem.com.br\/apps\/erp\/formERP.php\" METHOD=\"POST\" class=\"texto2\" onSubmit=\"return valida_form();\" language=\"JavaScript\">\n\t\t\t\t\t\t \t<input type=\"hidden\" name=\"Destino\" value=\"contato\" \/>\n\n\n<p>&nbsp;<\/p>\n<p>&nbsp;<\/p>\n<!--\n<\/table>\n-->\n\n<p>&nbsp;<\/p>\n<table border=\"0\" width=\"42%\" cellspacing=\"1\" bgcolor=\"#99CCFF\">\n<tbody>\n<tr>\n<td width=\"122\" height=\"22\">&nbsp;<\/td>\n<td><span style=\"font-family: Arial;\">Mande-nos o seu E-mail que retornaremos em breve.<\/span><\/td>\n<\/tr>\n<tr>\n<td bgcolor=\"#99CCFF\" width=\"122\">&nbsp;<\/td>\n<td bgcolor=\"#99CCFF\"><span style=\"font-family: Arial;\"> <span style=\"color: #ff0000;\"><b>*<\/b> <\/span><b><span lang=\"pt-br\"><span style=\"font-size: small;\"> Campos obrigat\u00f3rios<\/span><\/span><\/b><\/span><\/td>\n<\/tr>\n<tr>\n<td bgcolor=\"#99CCFF\" width=\"122\">&nbsp;<\/td>\n<td bgcolor=\"#99CCFF\"><span style=\"font-family: Arial;\"> <b>Qual a sua op\u00e7\u00e3o?&nbsp;&nbsp;&nbsp; <\/b><\/span> <b><span style=\"font-family: Arial; font-size: medium;\"><select class=\"form\" tabindex=\"1\" name=\"Opcao\" size=\"1\">\n<option selected=\"selected\" value=\"\">&#8212; Selecione &#8212;<\/option>\n<option value=\"Depto. de Suporte T\u00e9cnico\">Depto. de Suporte T\u00e9cnico <\/option>\n<option value=\"Depto. Comercial\">Depto. Comercial<\/option>\n<option value=\"Depto. Financeiro\">Depto. Financeiro<\/option>\n<option value=\"Depto. de Marketing\">Depto. de Marketing<\/option>\n<option value=\"SAC - Serv. Atend. Consumidor\">SAC &#8211; Serv. Atend. Consumidor<\/option>\n<option value=\"Outros\">Outros<\/option>\n<\/select><\/span><\/b><\/td>\n<\/tr>\n<tr>\n<td bgcolor=\"#99CCFF\" width=\"122\"><span style=\"font-family: Arial;\"> <span style=\"font-size: small;\">&nbsp;Empresa<\/span><span style=\"color: #ff0000; font-size: small;\">*&nbsp;<\/span><\/span><\/td>\n<td bgcolor=\"#99CCFF\"><span style=\"font-family: Arial; font-size: medium;\"> <input id=\"empresa\" tabindex=\"0\" maxlength=\"45\" name=\"Empresa*\" size=\"75\" type=\"text\"><\/span><\/td>\n<\/tr>\n<tr>\n<td bgcolor=\"#99CCFF\" width=\"122\"><span style=\"font-family: Arial; font-size: small;\"> Nome<span style=\"color: #ff0000;\">*&nbsp; <\/span> <\/span><\/td>\n<td bgcolor=\"#99CCFF\"><span style=\"font-family: Arial; font-size: medium;\"> <input id=\"nome\" maxlength=\"45\" name=\"Nome*\" size=\"75\" type=\"text\"><\/span><\/td>\n<\/tr>\n<tr>\n<td bgcolor=\"#99CCFF\" width=\"122\"><span style=\"font-family: Arial;\"> <span style=\"font-size: small;\">&nbsp;E-mail<span style=\"color: #ff0000;\">*<\/span><\/span><\/span><\/td>\n<td bgcolor=\"#99CCFF\"><span style=\"font-family: Arial; font-size: medium;\"> \n<!--webbot bot=\"Validation\" i-minimum-length=\"1\" i-maximum-length=\"45\" --><input id=\"email\" maxlength=\"45\" name=\"Email*\" size=\"75\" type=\"text\"><\/span><\/td>\n<\/tr>\n<tr>\n<td bgcolor=\"#99CCFF\" width=\"122\"><span style=\"font-family: Arial;\"> <span style=\"font-size: small;\">Telefone<span style=\"color: #ff0000;\">*<\/span><\/span> <\/span> <span style=\"font-size: small;\">&nbsp;<\/span><\/td>\n<td bgcolor=\"#99CCFF\"><span style=\"font-family: Arial; font-size: medium;\"> \n<!--webbot bot=\"Validation\" i-minimum-length=\"1\" i-maximum-length=\"45\" --><input id=\"telefone\" maxlength=\"45\" name=\"Telefone*\" size=\"75\" type=\"text\"><\/span><\/td>\n<\/tr>\n<tr>\n<td bgcolor=\"#99CCFF\" width=\"122\">&nbsp;<\/td>\n<td bgcolor=\"#99CCFF\"><span style=\"font-family: Arial; font-size: small;\"> Escreva a sua mensagem abaixo: <\/span><\/td>\n<\/tr>\n<tr>\n<td bgcolor=\"#99CCFF\" width=\"122\">&nbsp;<\/td>\n<td bgcolor=\"#99CCFF\"><span class=\"texto2\"> <span style=\"font-family: Arial; font-size: medium;\"> <textarea id=\"DESCRICAO\" cols=\"64\" name=\"DESCRICAO\" rows=\"8\"><\/textarea><\/span><\/span><\/td>\n<\/tr>\n<tr>\n<td bgcolor=\"#99CCFF\" width=\"122\">&nbsp;<\/td>\n<td bgcolor=\"#99CCFF\"><span style=\"font-family: Arial;\"><span class=\"texto2\"> Agradecemos o seu contato<\/span><\/span><\/td>\n<\/tr>\n<tr>\n<td bgcolor=\"#99CCFF\" width=\"122\">&nbsp;<\/td>\n<td bgcolor=\"#99CCFF\">\n<table summary=\"1\">\n<tbody>\n<tr char=\"top\">\n<td rowspan=\"center\" char=\"top\" charoff=\"512\">\n<p style=\"margin: 0 10px;\"><span style=\"font-family: Arial;\">&nbsp;&nbsp;&nbsp;&nbsp;&nbsp; <\/span> <span style=\"font-family: Arial; font-size: medium;\"> <input name=\"enviar\" type=\"submit\" value=\"Enviar\"><\/span> <span style=\"font-family: Arial; font-size: medium;\"> &nbsp;&nbsp;&nbsp; <input name=\"reset\" type=\"reset\" value=\"Limpar\"> <\/span><\/p>\n\n<\/td>\n<\/tr>\n<\/tbody>\n<\/table>\n<\/td>\n<\/tr>\n<\/tbody>\n<\/table>\n<p><span style=\"font-family: Arial;\"> <input name=\"Destino\" type=\"hidden\" value=\"Form\"> <\/span><\/p>\n<\/form>\n\n\n\n\n<script type=\"text\/javascript\"> function valida_form() {\n\tempresa = document.getElementById(\"empresa\").value;\n\tnome = document.getElementById(\"nome\").value;\n\ttelefone = document.getElementById(\"telefone\").value;\n        DESCRICAO = document.getElementById(\"DESCRICAO\").value;\n\temail = document.getElementById(\"email\").value;\n\tif (empresa == \"\")\n\t{ \t\talert(\"Os campos marcados com (*) s\u00e3o de preenchimento obrigat\u00f3rio!\");\n\t\treturn false; }\n\tif (nome == \"\")\n\t{ \t\talert(\"Os campos marcados com (*) s\u00e3o de preenchimento obrigat\u00f3rio!\");\n\t\treturn false; }\n\tif (email == \"\")\n\t{ \t\talert(\"Os campos marcados com (*) s\u00e3o de preenchimento obrigat\u00f3rio!\");\n\t\treturn false; }\n\tif (telefone == \"\")\n\t{ \t\talert(\"Os campos marcados com (*) s\u00e3o de preenchimento obrigat\u00f3rio!\");\n\t\treturn false; }\n\tif (DESCRICAO == \"\")\n\t{ \t\talert(\"Os campos marcados com (*) s\u00e3o de preenchimento obrigat\u00f3rio!\");\n\t\treturn false; }\n\treturn true;\n}\n            <\/script><\/p>\n<\/td><\/tr><\/tbody><\/table>\n","protected":false},"excerpt":{"rendered":"<p>&nbsp; &nbsp; &nbsp; &nbsp; Mande-nos o seu E-mail que retornaremos em breve. &nbsp; * Campos obrigat\u00f3rios &nbsp; Qual a sua op\u00e7\u00e3o?&nbsp;&nbsp;&nbsp; &#8212; Selecione &#8212;Depto. de Suporte T\u00e9cnico Depto. ComercialDepto. FinanceiroDepto. de MarketingSAC &#8211; Serv. Atend. ConsumidorOutros &nbsp;Empresa*&nbsp; Nome*&nbsp; &nbsp;E-mail* Telefone* &nbsp; &nbsp; Escreva a sua mensagem abaixo: &nbsp; &nbsp; Agradecemos o seu contato &nbsp; &nbsp;&nbsp;&nbsp;&nbsp;&nbsp; &hellip; <\/p>\n<p class=\"link-more\"><a href=\"https:\/\/servsystem.com.br\/erp\/contato\/\" class=\"more-link\">Continue reading<span class=\"screen-reader-text\"> &#8220;Contato&#8221;<\/span><\/a><\/p>\n","protected":false},"author":1,"featured_media":0,"parent":0,"menu_order":0,"comment_status":"closed","ping_status":"closed","template":"full-width.php","meta":{"footnotes":""},"class_list":["post-16","page","type-page","status-publish","hentry"],"_links":{"self":[{"href":"https:\/\/servsystem.com.br\/erp\/wp-json\/wp\/v2\/pages\/16"}],"collection":[{"href":"https:\/\/servsystem.com.br\/erp\/wp-json\/wp\/v2\/pages"}],"about":[{"href":"https:\/\/servsystem.com.br\/erp\/wp-json\/wp\/v2\/types\/page"}],"author":[{"embeddable":true,"href":"https:\/\/servsystem.com.br\/erp\/wp-json\/wp\/v2\/users\/1"}],"replies":[{"embeddable":true,"href":"https:\/\/servsystem.com.br\/erp\/wp-json\/wp\/v2\/comments?post=16"}],"version-history":[{"count":137,"href":"https:\/\/servsystem.com.br\/erp\/wp-json\/wp\/v2\/pages\/16\/revisions"}],"predecessor-version":[{"id":1729,"href":"https:\/\/servsystem.com.br\/erp\/wp-json\/wp\/v2\/pages\/16\/revisions\/1729"}],"wp:attachment":[{"href":"https:\/\/servsystem.com.br\/erp\/wp-json\/wp\/v2\/media?parent=16"}],"curies":[{"name":"wp","href":"https:\/\/api.w.org\/{rel}","templated":true}]}}